
12222200211
What is 167953 (base 11) in base 13?
9108b
Convert 136642 (base 9) to base 14.
22698
Convert -9154a (base 14) to base 10.
-349534
-12000021120201 (base 3) to base 8
-12120514
-45d7b (base 15) to base 6
-4433412
Convert -4222204404 (base 5) to base 4.
-201201202020
18c9b9 (base 13) to base 8
2312152
What is -11a376 (base 12) in base 6?
-10054230
-3230101 (base 4) to base 15
-4731
500112133 (base 6) to base 2
100000000100101001011001
42c417 (base 14) to base 6
120251325
5212045 (base 7) to base 16
98953
1629a89 (base 11) to base 13
764738
6774572 (base 8) to base 16
1bf97a
364ec (base 16) to base 3
102022010200
Convert 1861300 (base 9) to base 2.
11111110111011001011
What is 332014230 (base 5) in base 2?
101011111001111100010
-1ac33 (base 14) to base 2
-10000101010011101
Convert 111220220212 (base 3) to base 2.
1000010111001111110
251443233 (base 6) to base 3
100010000210110
-27214 (base 12) to base 10
-53872
What is 10011101001110101 (base 2) in base 8?
235165
What is -10001011011010011111 (base 2) in base 10?
-571039
What is 150665 (base 7) in base 5?
1413103
Convert 410036 (base 7) to base 11.
48374
What is -15052332 (base 7) in base 10?
-1424649
What is 112000130132 (base 4) in base 2?
10110000000011100011110
What is -17326a (base 13) in base 12?
-23a765
Convert 1678c5 (base 16) to base 8.
5474305
Convert -110121110002 (base 3) to base 15.
-4d80b
-100311030 (base 6) to base 15
-23a069
Convert -48d8c1 (base 16) to base 2.
-10010001101100011000001
34581 (base 10) to base 16
8715
77632 (base 9) to base 13
1a600
What is 67515 (base 10) in base 7?
400560
What is 1312133102 (base 4) in base 5?
111012310
Convert -639b7 (base 12) to base 5.
-13143120
Convert d7087 (base 15) to base 11.
426339
5353054 (base 6) to base 2
1000000011001011010
Convert 31211331102 (base 4) to base 8.
15457522
Convert 216696d (base 14) to base 15.
15d0062
Convert -469ef (base 16) to base 6.
-10111103
What is 100001010000000010110000 (base 2) in base 4?
201100002300
What is 13044033 (base 5) in base 13?
46367
-2041100000 (base 5) to base 14
-7c43c8
127604 (base 16) to base 9
2243548
What is -102221200 (base 4) in base 2?
-10010101001100000
311131 (base 7) to base 4
30333310
What is 120213131 (base 6) in base 2?
1000100111000010001111
Convert 226432 (base 7) to base 11.
28634
Convert 95750 (base 14) to base 5.
43022111
-bd2d (base 15) to base 12
-1b251
-46a8 (base 13) to base 5
-304230
460141 (base 7) to base 12
3b354
1679086 (base 14) to base 5
10312101311
What is -11a0c (base 16) in base 2?
-10001101000001100
What is -30525434 (base 6) in base 13?
-24b908
-411411441 (base 6) to base 11
-3aa4761
What is 12112110201 (base 3) in base 11?
74959
411314 (base 6) to base 16
7fde
2134314042 (base 5) to base 4
101210011300
74b413 (base 12) to base 7
21451110
Convert 245767c (base 13) to base 12.
394a2b7
-304556 (base 9) to base 6
-3511423
330234 (base 7) to base 2
1110000110010011
Convert 121330330321 (base 4) to base 5.
3220201012
What is 12011111201210 (base 3) in base 2?
1010011110011001011100
-56675 (base 8) to base 10
-23997
-1010001001000101100 (base 2) to base 6
-11042324
What is a07a424 (base 11) in base 16?
11017ed
Convert -460344 (base 7) to base 5.
-10104223
What is 3b5296 (base 12) in base 7?
11234511
-10370c7 (base 13) to base 11
-2866561
40c42 (base 14) to base 2
100110000110101010
Convert -1011001011110011 (base 2) to base 8.
-131363
Convert -213662 (base 11) to base 8.
-1233032
What is 33014310 (base 5) in base 4?
1010331113
Convert -1c76 (base 15) to base 12.
-36b6
Convert a62b1 (base 15) to base 5.
113331431
What is -4e384 (base 16) in base 8?
-1161604
What is -2cc11 (base 16) in base 11?
-1157a9
Convert -214730 (base 11) to base 3.
-122102102202
Convert -1637c (base 16) to base 10.
-91004
Convert -21530664 (base 7) to base 9.
-3438340
Convert 11011310130 (base 4) to base 2.
101000101110100011100
b1355 (base 12) to base 4
320032301
What is 178070 (base 9) in base 14?
2c595
Convert 1a0774 (base 11) to base 12.
12a571
Convert -13504241 (base 6) to base 5.
-104202440
210211021101022 (base 3) to base 7
200405234
What is 147a98 (base 12) in base 9?
575748
Convert 4112122 (base 5) to base 11.
45a99
Convert b75114 (base 12) to base 15.
3c1954
3322114032 (base 5) to base 9
14528104
What is 3379e9 (base 15) in base 16?
25793d
Convert -3c6642 (base 13) to base 7.
-15334140
Convert -2211001332 (base 4) to base 5.
-133112331
Convert 17b24 (base 12) to base 11.
23973
36513166 (base 7) to base 4
30130321111
-112224255 (base 7) to base 5
-3224113233
Convert 22214621 (base 8) to base 13.
cb9724
Convert 98cc (base 15) to base 2.
111111001101111
What is eab8 (base 16) in base 14?
17c80
-445611 (base 7) to base 2
-10011010000000001
What is -132d3 (base 15) in base 6?
-1152130
148203 (base 10) to base 13
525c3
-21100222102122 (base 3) to base 10
-3916502
-11011001100001111110100 (base 2) to base 7
-114405331
What is -11200315 (base 6) in base 11?
-214169
What is -11000100111011000010010 (base 2) in base 10?
-6452754
What is -11046b (base 14) in base 2?
-10001100111001011111
Convert -1570437 (base 9) to base 10.
-872971
What is -12221220221201 (base 3) in base 16?
-3054ee
-3811770 (base 9) to base 5
-1012342020
-101532456 (base 7) to base 6
-332020123
What is -1a0026 (base 12) in base 11?
-291848
Convert -74cac0 (base 15) to base 2.
-10101001101101011011111
What is 30403b (base 12) in base 13?
204c41
Convert 320123321 (base 4) to base 2.
111000011011111001
Convert 111224132 (base 5) to base 12.
1b8b69
Convert 48e47 (base 15) to base 13.
81c04
What is 5227163 (base 9) in base 15?
3a2b46
-361672 (base 8) to base 13
-44499
Convert 37963 (base 11) to base 8.
152176
What is 2423148 (base 9) in base 2?
101000000111011010000
Convert 114325533 (base 6) to base 5.
1024022002
-1543444 (base 6) to base 12
-44b84
2013413300 (base 5) to base 3
21121111110100
-127027 (base 11) to base 2
-110000101111111111
What is -31322223021 (base 4) in base 6?
-210105453
Convert -2111001112000 (base 3) to base 6.
-44142300
-745198 (base 12) to base 8
-6775304
What is -152724 (base 8) in base 7?
-315410
What is -dd074 (base 14) in base 7?
-4356204
What is -110010010010110 (base 2) in base 10?
-25750
14645430 (base 9) to base 2
11011110100100101010011
-673047 (base 9) to base 5
-100334301
221121321 (base 4) to base 13
5c268
What is -111111010101100110111 (base 2) in base 14?
-3c0503
-425b68 (base 12) to base 10
-1047104
What is 83537 (base 10) in base 5?
10133122
What is 132313131 (base 4) in base 14?
34109
What is 1635e (base 16) in base 12?
44792
What is -342221 (base 8) in base 5?
-12201412
Convert -6408854 (base 9) to base 11.
-1a34049
-4289 (base 13) to base 3
-110200012
Convert 110020202202 (base 3) to base 6.
5100202
What is -29232d (base 14) in base 3?
-2200112011201
Convert -601035 (base 8) to base 7.
-1450531
What is -18478 (base 11) in base 6?
-315414
Convert -516ca2 (base 16) to base 8.
-24266242
Convert 36520634 (base 8) to base 4.
132222012130
1010011001000010010 (base 2) to base 16
53212
-11a54a (base 11) to base 10
-189661
-433004223 (base 5) to base 11
-104a729
Convert 3490c8 (base 14) to base 11.
10143a9
Convert 4414301210 (base 5) to base 16.
9157bc
What is -1113321 (base 12) in base 8?
-14341411
-4023103111 (base 5) to base 6
-443513420
-11330022111 (base 4) to base 12
-631159
Convert -728571 (base 16) to base 5.
-3410132030
-10142011 (base 5) to base 3
-11021020100
Convert -11331011213 (base 4) to base 14.
-2c8bd5
-7500f (base 16) to base 10
-479247
What is 20460053 (base 7) in base 10?
1728758
Convert -4a433 (base 12) to base 10.
-100839
1703565 (base 9) to base 13
272318
What is 3820 (base 11) in base 8?
11567
10010110101110101 (base 2) to base 14
201a5
What is 12154236 (base 7) in base 12?
446366
What is -11120000121020 (base 3) in base 16?
-24f2c7
Convert ccd72 (base 16) to base 9.
1517831
Convert 11000111000001100 (base 2) to base 15.
202d5
Convert -1750939 (base 11) to base 12.
-bb4772
Convert -17342a8 (base 11) to base 15.
-3d3985
What is -136d3 (base 16) in base 9?
-131132
-a62385 (base 11) to base 16
-19f662
What is -920ab3 (base 12) in base 4?
-20231100213
-96955 (base 10) to base 5
-11100310
-89949 (base 11) to base 12
-63461
What is -10b8b0 (base 13) in base 7?
-3